ctor of 4567935?
True
Does 49 divide 4465?
False
Does 3 divide 151936?
False
Is 40745 a multiple of 130?
False
Is 93 a factor of 6510837?
True
Does 104 divide 359882?
False
Does 18 divide 371142?
True
Is 194964 a multiple of 44?
True
Does 723 divide 129073?
False
Is 105040 a multiple of 8?
True
Is 2092900 a multiple of 26?
False
Is 98 a factor of 7591114?
False
Does 4 divide 765503?
False
Is 63 a factor of 92358?
True
Does 12 divide 775668?
True
Is 74 a factor of 1263159?
False
Does 35 divide 2588810?
True
Is 2791225 a multiple of 41?
False
Is 6087574 a multiple of 81?
False
Is 4653291 a multiple of 34?
False
Is 3 a factor of 743973?
True
Is 2445709 a multiple of 182?
False
Is 418187 a multiple of 46?
False
Does 1299 divide 6042948?
True
Does 132 divide 11189032?
False
Does 6 divide 763382?
False
Is 15344728 a multiple of 101?
True
Is 20751276 a multiple of 651?
True
Does 15 divide 172047?
False
Does 9 divide 308366?
False
Is 84957 a multiple of 5?
False
Does 366 divide 105408?
True
Does 6 divide 315192?
True
Is 586 a factor of 326402?
True
Does 11 divide 293304?
True
Does 104 divide 3482648?
True
Is 38 a factor of 1300746?
False
Is 816035 a multiple of 5?
True
Does 1332 divide 11096892?
True
Is 7 a factor of 2077559?
False
Is 19 a factor of 21166?
True
Does 78 divide 3856086?
True
Is 288 a factor of 255677?
False
Does 214 divide 443878?
False
Is 1130255 a multiple of 20?
False
Is 3324454 a multiple of 49?
True
Is 486171 a multiple of 7?
True
Is 17 a factor of 341063?
False
Does 78 divide 2692801?
False
Does 9 divide 692587?
False
Is 3599735 a multiple of 26?
False
Is 87231 a multiple of 436?
False
Does 592 divide 186480?
True
Does 24 divide 297746?
False
Does 62 divide 675676?
True
Is 307455 a multiple of 17?
False
Does 44 divide 1191628?
False
Does 7 divide 18198026?
True
Is 1064437 a multiple of 27?
False
Is 19802489 a multiple of 915?
False
Is 49 a factor of 137116?
False
Does 680 divide 497609?
False
Does 188 divide 348364?
True
Is 276485 a multiple of 3?
False
Is 1171362 a multiple of 15?
False
Does 10 divide 250909?
False
Is 5558829 a multiple of 3?
True
Is 17 a factor of 22469053?
True
Is 116532 a multiple of 332?
True
Does 21 divide 713181?
True
Does 13 divide 112476?
True
Does 114 divide 7476690?
True
Is 27 a factor of 59946?
False
Is 1054728 a multiple of 19?
True
Does 214 divide 992532?
True
Does 6 divide 1769887?
False
Is 24 a factor of 162168?
True
Does 38 divide 294234?
True
Does 282 divide 357294?
True
Does 29 divide 1084060?
False
Is 859280 a multiple of 460?
True
Is 4 a factor of 178140?
True
Is 56809 a multiple of 5?
False
Is 265 a factor of 16783245?
True
Is 353 a factor of 926996?
False
Is 19 a factor of 4967500?
False
Is 139 a factor of 1830644?
False
Is 111 a factor of 9880?
False
Is 285600 a multiple of 28?
True
Is 1466848 a multiple of 167?
False
Is 182220 a multiple of 20?
True
Does 269 divide 1539218?
True
Does 49 divide 5490254?
True
Is 3 a factor of 175216?
False
Is 16 a factor of 1638736?
True
Is 2025396 a multiple of 753?
False
Is 58 a factor of 255678?
False
Does 227 divide 52743?
False
Is 10953 a multiple of 108?
False
Is 627600 a multiple of 12?
True
Does 15 divide 216333?
False
Is 367368 a multiple of 3?
True
Is 146 a factor of 1038503?
False
Does 36 divide 179777?
False
Does 21 divide 7894047?
True
Is 45230 a multiple of 10?
True
Is 3085092 a multiple of 284?
True
Is 11 a factor of 4040267?
True
Does 3 divide 11352?
True
Is 13445492 a multiple of 12?
False
Is 1182946 a multiple of 31?
False
Is 328610 a multiple of 10?
True
Is 7070503 a multiple of 1199?
True
Does 14 divide 248710?
True
Is 97 a factor of 8478?
False
Does 139 divide 294819?
True
Does 19 divide 131651?
True
Is 25 a factor of 12798?
False
Is 54 a factor of 2716910?
False
Does 597 divide 11421144?
False
Does 192 divide 460800?
True
Is 632 a factor of 14228950?
False
Is 265064 a multiple of 32?
False
Does 2 divide 371?
False
Does 14 divide 3049564?
True
Does 51 divide 1035157?
False
Does 22 divide 1362878?
True
Is 85 a factor of 8253739?
False
Does 234 divide 472644?
False
Does 40 divide 532200?
True
Is 461356 a multiple of 101?
False
Does 7 divide 16709?
True
Is 123 a factor of 38991?
True
Is 119333 a multiple of 45?
False
Does 3 divide 13623?
True
Does 23 divide 339296?
True
Is 1933087 a multiple of 56?
False
Is 122517 a multiple of 9?
True
Does 71 divide 6350098?
True
Is 131 a factor of 533694?
True
Does 570 divide 119130?
True
Is 52 a factor of 2553025?
False
Is 204470 a multiple of 161?
True
Is 463 a factor of 725058?
True
Is 1830769 a multiple of 23?
False
Is 251661 a multiple of 12?
False
Is 274 a factor of 615678?
True
Is 51 a factor of 760002?
True
Is 4447443 a multiple of 39?
True
Is 51962 a multiple of 58?
False
Does 146 divide 91688?
True
Is 206 a factor of 4586384?
True
Is 43 a factor of 185525?
False
Does 14 divide 465276?
True
Is 711237 a multiple of 716?
False
Is 105184 a multiple of 19?
True
Is 415 a factor of 10521080?
True
Does 1822 divide 9813659?
False
Is 112 a factor of 3992016?
True
Does 14 divide 761807?
False
Is 57 a factor of 273117?
False
Is 89 a factor of 560892?
False
Does 105 divide 11105325?
True
Is 13305105 a multiple of 1542?
False
Is 4071778 a multiple of 21?
False
Is 24408 a multiple of 54?
True
Is 208 a factor of 5015920?
True
Does 21 divide 2754972?
False
Is 1113259 a multiple of 10?
False
Does 19 divide 1616501?
True
Is 18 a factor of 6662324?
False
Does 12 divide 62121?
False
Is 904289 a multiple of 53?
False
Is 52320 a multiple of 16?
True
Is 18942 a multiple of 71?
False
Does 18 divide 227408?
False
Is 8369788 a multiple of 755?
False
Is 326376 a multiple of 18?
True
Does 11 divide 190904?
False
Does 29 divide 163190?
False
Is 61312 a multiple of 12?
False
Does 16 divide 84304?
True
Does 20 divide 3494021?
False
Does 370 divide 1061530?
True
Does 2 divide 1968?
True
Is 490 a factor of 138480?
False
Is 168 a factor of 374063?
False
Does 20 divide 21127390?
False
Is 2842110 a multiple of 9?
True
Does 433 divide 5022800?
True
Is 23 a factor of 211508?
True
Does 114 divide 441978?
True
Is 1041270 a multiple of 15?
True
Is 320 a factor of 341611?
False
Does 7 divide 476662?
False
Does 103 divide 1645322?
True
Is 5 a factor of 6186910?
True
Is 90 a factor of 83430?
True
Is 14 a factor of 923468?
True
Is 360 a factor of 416880?
True
Is 147254 a multiple of 34?
True
Is 197 a factor of 2235877?
False
Is 145 a factor of 129092?
False
Does 148 divide 3712728?
True
Does 6 divide 50353?
False
Does 8 divide 432582?
False
Does 15 divide 795?
True
Is 4 a factor of 371716?
True
Is 30699 a multiple of 13?
False
Does 9 divide 2259234?
True
Is 83542 a multiple of 71?
False
Is 1578 a factor of 20630772?
True
Is 950 a factor of 1823836?
False
Is 425042 a multiple of 26?
False
Does 477 divide 577237?
False
Is 206 a factor of 829643?
False
Does 10 divide 2827?
False
Does 117 divide 172696?
False
Is 7 a factor of 168742?
True
Does 89 divide 9387364?
True
Is 10151561 a multiple of 719?
True
Is 18 a factor of 86417?
False
Is 357 a factor of 422824?
False
Is 35832 a multiple of 24?
True
Is 16 a factor of 275072?
True
Does 18 divide 696383?
False
Is 2221477 a multiple of 2?
False
Is 1065540 a multiple of 59?
True
Does 33 divide 1152823?
False
Is 944 a factor of 2764032?
True
Does 11 divide 437901?
False
Is 2165195 a multiple of 145?
False
Does 42 divide 876384?
False
Is 20140 a multiple of 19?
True
Is 139432 a multiple of 8?
True
Is 148915 a multiple of 65?
True
Does 111 divide 382617?
True
Is 404623 a multiple of 61?
False
Does 116 divide 198?
False
Is 300 a factor of 311709?
False
Does 165 divide 92070?
True
Is 218 a factor of 5057600?
True
Does 231 divide 191961?
True
Is 218 a factor of 175272?
True
Is 186009 a multiple of 6?
False
Is 126 a factor of 230278?
False
Is 40 a factor of 749360?
True
Is 35 a factor of 237510?
True
Is 11 a factor of 91946?
False
Is 18538500 a multiple of 1454?
True
Is 349200 a multiple of 400?
True
Does 105 divide 16905?
True
Does 13 divide 6867023?
False
Does 17 divide 3103?
False
Is 5785080 a multiple of 679?
True
Is 33 a factor of 3830?
False
Is 9 a factor of 893592?
True
Does 26 divide 870090?
True
Is 2665511 a multiple of 18?
False
Is 24 a factor of 318168?
True
Is 369264 a multiple of 81?
False
